*c. Suppose -f - 895 = -4*v, -5*v + 8*v = -c*f + 676. List the prime factors of v.
2, 7
Suppose -t - 114502 + 13798 = -3*t. What are the prime factors of t?
2, 3, 1049
Let z be (-10)/12 - 20/120. Let j be 3/(z*(-1)/1*1). Suppose j*v - 267 = -q, 6*q = q - 5*v + 1285. List the prime factors of q.
2, 3, 7
Suppose 10*r - 140692 = -65*s + 62*s, 4*s - r - 187618 = 0. List the prime factors of s.
2, 11, 13, 41
Suppose 0 = r + 1, 5*r + 347 = 3*k. Let p = 378 - k. Suppose -c - 53 = -p. List the prime factors of c.
211
Suppose k + k = -3*q - 161, -2*k - 156 = -2*q. Let v = -74 - k. Suppose 5*s - 14 = -3*f + 515, f + v*s = 163. List the prime factors of f.
3, 61
Let o(g) = 97*g**2 + 80*g + 1552. What are the prime factors of o(-18)?
2, 5, 19, 83
Let g be (-2 + 2)*3/(-6). Suppose -2*v + g*v = -4, 0 = 4*l + 4*v - 36. Suppose 5*p + l = 117. List the prime factors of p.
2, 11
Let c = -1356 - -2268. Suppose -26 + 101 = 3*r. Suppose -r*z + 19*z = -c. List the prime factors of z.
2, 19
List the prime factors of ((152/(-12) + 8)*12)/(1/(-235)).
2, 5, 7, 47
Suppose -3*p - 4*t + 6 = -7*t, 3*p - 5*t = 2. Suppose p*m + 2072 = 2*n, -n + 1590 = 4*m + 536. List the prime factors of n.
2, 521
Let j(a) = 3*a + 33. Let y be j(-10). Suppose -2*l = -t - 493, 0*t + 3*t + y*l + 1497 = 0. Let u = -243 - t. List the prime factors of u.
2, 127
Let y = -401 - -611. Suppose -2*p + 3*a = -196, 4*a = -p - p + y. What are the prime factors of p?
101
Let s(j) be the first derivative of -77*j**2 - 55*j + 134. List the prime factors of s(-2).
11, 23
Suppose -5*i = -180 - 20. Suppose 15*s + 677 = 1727. Let h = s + i. List the prime factors of h.
2, 5, 11
Let l(z) = -4*z**3 - 5*z**2 - 46*z - 491. What are the prime factors of l(-12)?
13, 37
Let t(m) = -289*m**2 + 4*m + 3. Let z(f) = 145*f**2 - 2*f - 2. Let r(n) = 6*t(n) + 13*z(n). What are the prime factors of r(-2)?
2, 3, 5
Let q(i) = -i**2 + 6 + 2*i**2 + 8 + 15*i. Let k be -11 + (4 - 1) - 7. List the prime factors of q(k).
2, 7
Let a = 5 - 2. Suppose -1012*g - 3542 = -1023*g. List the prime factors of g/(a + 0 + 3 + -4).
7, 23
Let p(g) = -662*g - 666. List the prime factors of p(-12).
2, 3, 1213
Let f(p) = -4 - 15*p - 11 - 13*p. What are the prime factors of f(-5)?
5
Suppose 190*f - 173711 = 486342 + 986297. List the prime factors of f.
5, 1733
List the prime factors of (99/(-15))/(-4 + (-1128163)/(-282055)).
11, 2969
Let g(z) = -3*z**2 - z - 25. Let t(a) = -a**2 - a - 12. Let i(s) = -2*g(s) + 5*t(s). Let u = -82 - -93. What are the prime factors of i(u)?
2, 3, 13
Let x(y) = 32*y**2 + 4*y + 74. What are the prime factors of x(6)?
2, 5
Let l = 384 - 382. What are the prime factors of l*869 - 0/5?
2, 11, 79
Let u = -5555 + 9045. Suppose -1358 = -8*o + u. List the prime factors of o.
2, 3, 101
Let k be ((-78)/15 - -4)*(-10)/3. Suppose -k*j + 79 = -65. Let h = 67 - j. What are the prime factors of h?
31
Let k = -9695 + 19331. List the prime factors of k.
2, 3, 11, 73
Let y = -594 - -24190. What are the prime factors of y?
2, 17, 347
Let w(a) = 60 - a**3 - 868*a - 11*a**2 - 32 + 877*a. What are the prime factors of w(-16)?
2, 3, 97
Let c(m) = 48*m + 27. Let k(y) = 49*y + 28. Let h(n) = 3*c(n) - 4*k(n). What are the prime factors of h(-6)?
281
Let f(s) = -7 + 13*s + 0*s + 20*s + 13*s**2. List the prime factors of f(-7).
3, 7, 19
Let z = 5401 + -4092. What are the prime factors of z?
7, 11, 17
What are the prime factors of (-6)/(-9)*312/16*551?
13, 19, 29
Let f(u) = -4*u - 145. Let t be f(-37). Suppose 4*z - 3*l + 4*l = 793, t*l - 389 = -2*z. List the prime factors of z.
199
Let x be 12/(-6 - 27/(-4)). Let y(r) = -2*r**3 + 34*r**2 - 5*r - 31. List the prime factors of y(x).
401
Suppose 126*p + j + 28376 = 130*p, 3*p + 3*j = 21297. What are the prime factors of p?
3, 5, 11, 43
Suppose -3*m + 6*m + 4*b - 22591 = 0, 0 = -4*b - 20. What are the prime factors of m?
7537
Let z(w) = -17*w**3 - 4*w**2 + 59*w - 10. What are the prime factors of z(-6)?
2, 7, 113
What are the prime factors of 1/(-2) + (-180957)/210*-5?
2, 3, 359
Suppose 5*o + 4*h = 9*h + 165585, -5*o + 165501 = 9*h. List the prime factors of o.
3, 13, 283
Let q be (-6 - -8)*(-1)/(2/1). Let j be q + 1 - (2 - 5)*3. Let f = j + 64. List the prime factors of f.
73
Suppose -4*r - 6 = -5*s - 234, 0 = 3*r - s - 171. Suppose -2*a = -4*y + 78, -3*a + r = 2*y + 2*a. Suppose 0 = -2*x + y + 1. What are the prime factors of x?
11
Let i(y) = -y**3 - 89*y**2 + 173*y - 61. List the prime factors of i(-92).
5, 7, 269
Let v be 7/(-63) - (-56)/18. Let t be (2 - 14/6)*-6. Suppose t*i = -3*m + 108, 2*i = v*m + 7*i - 99. What are the prime factors of m?
2, 19
Let j(m) = -4503*m - 13631. List the prime factors of j(-7).
2, 5, 1789
Suppose 2*f + 2*l = 68838, -2*f + 56459 + 12377 = 4*l. Suppose 13*m - f = -7*m. What are the prime factors of m?
1721
Let h be (188/(-6))/((-21)/(-441)). Let i = -531 - h. List the prime factors of i.
127
Let x(m) = 16*m + 9. Let f be x(5). Let n = -106 + f. Let j = 45 - n. What are the prime factors of j?
2, 31
Let i(r) = 23*r**3 + 2*r**2 - 13*r - 1. Let y(c) = -c**2 + 10*c + 14. Let g be y(11). What are the prime factors of i(g)?
599
Suppose 640510 = -157*y + 332*y - 162*y. What are the prime factors of y?
2, 5, 13, 379
Suppose 92*d - 89*d + l = 85, -2*d + 4*l = -80. Suppose j = -0*j, j - 486 = -3*r. Suppose d = -2*u + r. List the prime factors of u.
2, 3, 11
Let g = 628 + -628. Suppose g = 165*j - 163*j - 1954. What are the prime factors of j?
977
Suppose 127 = 2*h + 3*b - 51, 5*h - b - 479 = 0. What are the prime factors of (-38)/h - (-1907)/5?
3, 127
Let v = 59172 + -41770. List the prime factors of v.
2, 7, 11, 113
Suppose 0 = 5*k - l - 15368, 0 = 3*k - l + 321 - 9543. What are the prime factors of k?
7, 439
Let z(i) = -68*i - 4. Let n be z(22). Let a = -887 - n. List the prime factors of a.
613
Let y = -20248 + 63518. List the prime factors of y.
2, 5, 4327
Let j(f) = -11*f**2 + 12*f - 26. Let g be j(4). Let b = 68 - g. List the prime factors of b.
2, 3, 37
Suppose -p + 5*o = -2*p + 15, 4*p + 5*o - 60 = 0. Suppose 12*d + 879 = p*d. What are the prime factors of d?
293
Suppose -2*b + 22293 = 4*p - 3803, -2*p + 39168 = 3*b. List the prime factors of b.
2, 5, 653
Let j = 155 - -299. List the prime factors of j/4*(19 - 15).
2, 227
What are the prime factors of (-2025170)/(-45) - 182/(-819)?
2, 11251
Suppose -4*u + 31304 = 2*b, -4*u = b - 24897 - 6413. List the prime factors of u.
7829
Let i(q) = 469*q**2 + q - 3. Let c be i(-2). Suppose c = 9*j - 325. List the prime factors of j.
2, 61
Let r = 144 + -151. List the prime factors of (r + 6)/((-1)/22).
2, 11
List the prime factors of ((-4 - -2)*-3 - (-21567)/13) + 1.
2, 7, 17
Suppose -12*i + 58954 = -35354. What are the prime factors of i?
29, 271
What are the prime factors of (-612)/2*138471/(-606)?
3, 17, 457
Suppose 2*v + 3*g - 6350 = 0, -v + 3472 - 283 = 5*g. List the prime factors of v.
3169
List the prime factors of (3219480/(-2310))/(((-15)/(-56))/(-5)).
2, 3, 271
List the prime factors of ((4 + (-220)/45)*-3)/(13/68874).
2, 883
Suppose -3*v = d - 0*v - 27, -2*d + v = -19. Suppose 4125 + 1851 = d*p. What are the prime factors of p?
2, 3, 83
Let g be -2*(-1)/(-4)*(-28)/2. Suppose 0 = -2*s + 3*y + 9, -g*s = -2*s + 2*y - 32. Let l(c) = -c**2 + 19*c + 2. What are the prime factors of l(s)?
2, 5
Suppose 37 = 2*n + 31. Let o be 16 + n + -3 + -5. Let c(t) = -t**3 + 15*t**2 - 28*t + 13. List the prime factors of c(o).
3, 7
Let c(t) be the first derivative of t**3 - 6*t**2 + 2*t + 42. What are the prime factors of c(-6)?
2, 7, 13
Let s(k) = -37*k**2 + 38*k**2 - 9*k + k + 13. List the prime factors of s(-9).
2, 83
What are the prime factors of (-6080)/128*388/(-5) + -5?
3, 409
Suppose 0 = -2*z - 2*j - 2*j + 42, j = 5*z - 138. Let t = z - 28. List the prime factors of 39 - ((0 + -1 - t) + 0).
3, 13
Let o be 5 - ((20/(-5))/(-2) + -328). Let q = -147 + o. List the prime factors of q.
2, 23
Let d(c) = 205*c**2 + 18*c - 35. List the prime factors of d(4).
31, 107
Let q = -25 - -23. Let y(f) be the third derivative of -29*f**4/12 - 2*f**3/3 + 25*f**2. What are the prime factors of y(q)?
2, 7
Let p(k) = -1603*k + 773. What are the prime factors of p(-18)?
13, 43, 53
Suppose 60*l + 12 = 66*l. Suppose 7*q = -l*q + 8244. List the prime facto